pose 0 = 2*l - 5*m - s - 11, 6 = l - 3*m. What is the units digit of l?
6
Suppose 0*q - 4*q = 5*s - 665, 5*q - 847 = -s. What is the tens digit of q?
7
Suppose 22 = 5*w - 3*d, 3*d + 8 = d. Let l = w - 0. Suppose -h - 17 = -l*h. What is the units digit of h?
7
Let w(h) = h**3 + 6*h**2 - 4. Let u be w(-6). Let v(j) = 0*j + j**3 - 5 + 4 + 5*j**2 + 2*j. What is the units digit of v(u)?
7
Let x(n) = n + 4. Suppose -21 = 5*b + 24. Let m be 1/(-2 - 15/b). What is the units digit of x(m)?
1
Suppose -10 - 10 = 4*n, 27 = 3*v - 3*n. What is the tens digit of -2 + (108/v - 2)?
2
Let d(c) = c**2 + 2*c + 3. Let b be d(-3). Suppose 4*z + 0*f = 2*f + b, 0 = 3*z + f - 12. What is the units digit of (0 + z/(-3))*-1?
1
What is the hundreds digit of ((-1095)/(-30))/((-9)/(-4) - 2)?
1
Let f(l) = -3 - 1 - 2 - 3*l. What is the units digit of f(-6)?
2
Let i(r) = -r**2 + 7*r - 4. Let p(n) = 4*n - 2. Let f be p(-3). Let m = -9 - f. What is the units digit of i(m)?
6
Let k(i) = i - 2. Let q be k(6). Suppose 0 = -q*t - 11 + 139. What is the tens digit of t?
3
Let v be (-10)/45 + (-76)/(-18). Suppose 0*p + 4 = v*p. What is the units digit of p?
1
Let d(m) = -m**3 - m**2 + m + 26. What is the units digit of d(0)?
6
Let p be 10/(-2)*1 + 0. Let v = 23 + p. What is the tens digit of v?
1
Suppose 0 = 3*b - 0*i - i - 182, 5*b - 3*i = 306. What is the tens digit of b?
6
What is the units digit of ((-12)/7)/(6/(-168))?
8
Suppose 0 = 2*v + 2*v. Suppose v = -2*x - 4*k + 8, x - 5*k = 4*x - 9. What is the units digit of x/12 - (-7)/6?
1
Let z(b) = b**3 + 6*b**2 + 3*b - 2. Let l be ((-5)/2)/((-1)/(-2)). Let p be z(l). Suppose -4*y = 4*c - 8, -c - 4*y = -y + p. What is the units digit of c?
7
Suppose 3*l - 114 = -0*l. What is the units digit of l?
8
Let c(i) = -2*i**3 - 3*i - 3. Let t be 11/(-7) + 30/(-70). What is the tens digit of c(t)?
1
Let m be -1 + -2*(-2 - 0). Suppose m*o + 42 = -5*y + 120, -y = -3*o - 30. Suppose g + 3*q = y, -q = -g + q + 3. What is the units digit of g?
9
Suppose 216 = 8*z - 328. What is the tens digit of z?
6
Let i(x) = 9*x**2 + x - 2. Let z be i(2). Let w be (-2 + 1)/(3/(-12)). Suppose z = w*u + n - 5*n, -u = n - 17. What is the units digit of u?
3
Let n = -170 - -304. What is the hundreds digit of n?
1
Suppose 0 = -4*l + 27 + 1. Let j = 7 - -9. Suppose r + 5*o = j, l*r = 3*r + 2*o - 2. What is the units digit of r?
1
Let v(o) = o**3 + 11*o**2 + 11*o + 10. Let r be v(-10). What is the units digit of 1 - r/(0 - 1)?
1
Let l = 10 - 6. Suppose 34 = n + l*g, g + 18 = 2*n - g. What is the units digit of n?
4
Let f = 21 - -5. Suppose 2*z - 4*y - 18 = f, z - y = 17. What is the units digit of z?
2
Suppose 113 = 2*i + i + 4*t, 4*i - 5*t - 161 = 0. What is the tens digit of i?
3
Suppose 0 = 3*i + i - 3*b - 879, 0 = -2*b - 2. What is the tens digit of i?
1
Let i be (-6)/(-8) + (-1)/(-4). Let j(w) = w. Let k(c) = 8*c + 1. Let p(n) = 5*j(n) + k(n). What is the tens digit of p(i)?
1
Suppose 14 = -5*p + 204. What is the tens digit of p?
3
Let b = -15 + 15. Let t = 7 + -4. Suppose -u = 4*q - 5*q - 5, b = t*u + 4*q - 1. What is the units digit of u?
3
Let z be 30/4 - 3/(-6). Let g(h) = -1 + h**2 + 8*h + z - 2*h. What is the units digit of g(-5)?
2
Suppose n + 4 = -5*g + 4*g, -2*n - 8 = -4*g. Let j(b) = -b - 2. Let h(x) = 2*x + 4. Let q(z) = 4*h(z) + 9*j(z). What is the units digit of q(n)?
2
Let g = -5 - -7. Suppose -3*n - g*q = -110, -4*q + 5 = q. Suppose -2*o = 2*o - n. What is the units digit of o?
9
Suppose -5*l = -4*a + 74, 2*l - 3*l + 78 = 5*a. What is the tens digit of a?
1
Let m(k) = k**2 + k + 2. What is the units digit of m(-2)?
4
What is the tens digit of (-1)/(554/(-2412) - (-16)/72)?
3
Suppose 4*j - 47 = j + d, 3*j - 3*d - 57 = 0. Suppose 2*x - j - 14 = 0. Suppose 3*s = -3*o + 24, 0*s + s = o - x. What is the tens digit of o?
1
Let w = 2 - 0. Suppose -w*b = 11 - 39. What is the tens digit of b?
1
Suppose 0 = -2*u + 12. Let q(k) = -k + 8. Let x be q(u). Suppose -x*o - 50 = -3*w, 66 = -0*w + 4*w - 2*o. What is the units digit of w?
6
Let h(f) be the third derivative of f**5/60 + 3*f**4/8 + 11*f**3/6 + f**2. What is the units digit of h(-9)?
1
Let c = -6 - -11. Suppose -c*j - 4*o = -1, -j + 2*j - 5 = 4*o. Suppose -y + j = -0*y. What is the units digit of y?
1
Let k = 4 - 1. Let f = -1 - k. What is the units digit of (-2)/(-4) - 2/f?
1
Let y(a) = -a + 6. What is the units digit of y(5)?
1
Suppose -9 = 5*k - 3*a, 3*a - 9 = 3*k - 0*k. Let y = k - -4. What is the units digit of y?
4
Let g = 25 + 30. What is the tens digit of g?
5
Suppose -3*h = -0*h. Suppose h = -r + 18 + 1. Let s = r + -12. What is the units digit of s?
7
Suppose 10*t + 80 = 14*t. What is the units digit of t?
0
Suppose -287 - 43 = -5*w. What is the tens digit of w?
6
Suppose -4*b + 12 - 4 = 0. What is the units digit of b?
2
Let m be -1*(-1 + 1 + 0). Let p = 0 - m. Suppose p = y + 4*q + 10, -5*y = -3*q - 8 - 11. What is the units digit of y?
2
Suppose -h = -2*h + 13. What is the units digit of h?
3
Let q(g) = 2*g**2 - 2*g - 6. What is the tens digit of q(5)?
3
Let z(k) = -2*k + 9. Let n be z(-9). What is the units digit of (4 - n)/(2/(-4))?
6
Let c = 135 + -80. What is the tens digit of c?
5
Let r(w) = 2*w - 6. Let y = 5 + -4. Let d(u) = 7*u. Let c be d(y). What is the units digit of r(c)?
8
Let q be (2 + -9)*20/(-14). What is the units digit of q + 1 + 3/3?
2
Suppose 0 = -2*g + 21 + 47. Suppose x - 2*x + g = 0. What is the units digit of x?
4
Let l = -3 + 2. Let g = -15 + 28. Let u = l + g. What is the units digit of u?
2
Suppose -2*y - 34 = -5*x, 3*x + y = 3*y + 18. Let v = -16 + x. Let a = v + 9. What is the units digit of a?
1
Let c = -147 + 300. What is the tens digit of c?
5
Suppose -3 = -2*n + 3*k - 4, -1 = -n + k. Let h = n + -3. What is the units digit of h?
1
Suppose 0*n + 4*n + 16 = 0. What is the units digit of (-10)/(-4) + n/(-8)?
3
Let h(f) = 6*f**2 - f - 1. Suppose 6*y = 3*y + 12. Suppose -s + c = 4, 5*s - 3 - 4 = -y*c. What is the units digit of h(s)?
6
Let k be ((-1)/(-3))/(4/24). What is the tens digit of 1*(-1)/(k/(-34))?
1
Let v be 0 + (-1 - -1 - -1). Let m be v/(3 + (-2 - 0)). Let q = 1 + m. What is the units digit of q?
2
Let f(t) be the third derivative of t**6/120 - t**5/12 + t**4/24 - t**2. Let v be f(4). Let c = v + 18. What is the units digit of c?
6
Let m be ((-3)/6)/((-2)/8). Let b = m + -6. Let d = 5 - b. What is the units digit of d?
9
Let f be (-3 + (-178)/(-10))*5. Suppose f = 3*q - 3*z - 2*z, -2*q + z = -40. What is the tens digit of q?
1
Suppose 20 = -4*u - 2*v - 3*v, 20 = -3*u - 5*v. What is the units digit of 5 + u + 1 + 1?
7
Let a be 18/12*(-34 + -2). Suppose 2*t - 3*o + 37 = 2*o, 0 = -3*t - 5*o - 118. Let j = t - a. What is the units digit of j?
3
Let c = 4 + 0. Suppose 0 = a - 2*w - c, 7*a - 2*a - 11 = w. Suppose 2*p - p - a = 0. What is the units digit of p?
2
Suppose -4*g + 70 = g. Let h = 27 - g. Let z = 18 - h. What is the units digit of z?
5
Let z be 1/5 + 81/45. Suppose 4*n - 195 = -3*c - z*c, 0 = n - 4*c - 54. What is the units digit of n?
0
What is the tens digit of (-2 - (-1 - 0)) + (-11 - -25)?
1
Let o(i) = i**2 + 5*i + 6. Let g be o(-6). Suppose g - 28 = -2*s. What is the units digit of s?
8
Suppose 4*i - 7 = 165. What is the units digit of i?
3
Let r = -5 + 20. What is the units digit of r?
5
Let o = 8 - 4. Suppose -3*a + 2 = -o. What is the units digit of a?
2
Suppose 0 = 25*q - 13*q - 216. What is the units digit of q?
8
Suppose -3*r + 4*q + 477 = 0, -2*r + 318 = 2*q + 3*q. What is the tens digit of r?
5
Let v(k) = 2*k**2 + 7*k - 3. Let x be 15*(0 - (-2)/(-6)). Let w(i) = i**2 + 4*i - 1. Let h(n) = x*w(n) + 3*v(n). What is the units digit of h(4)?
6
Suppose 9 = x + 2*v, 1 = -4*x + 2*v - 3. Let q be (0 - 33/3) + x. Let p = 6 - q. What is the units digit of p?
6
Let m = 171 + -89. What is the units digit of m?
2
Suppose -u + 3 = h, -3*u + 4*h = 3 + 9. Suppose 3*s + s - 84 = u. What is the units digit of s?
1
Let n(g) = -g**2 - 5*g. Let b(z) = -z. Let o(q) = 6*b(q) - n(q). Let d be o(2). Suppose -5*i + 25 = -3*a, 4*a + 18 + d = 4*i. What is the units digit of i?
5
Let i = -13 + 41. Let w = -2 + i. What is the tens digit of w?
2
Suppose -7*x + 9 = -4*x. Suppose -2*q + 48 = x*m, 0 = -3*q + 4*m + m + 34. What is the units digit of q?
8
Let k = -12